{"id":2581,"date":"2022-03-26T14:12:26","date_gmt":"2022-03-26T14:12:26","guid":{"rendered":"https:\/\/www.oberstark.cz\/?post_type=product&#038;p=2581"},"modified":"2022-03-26T14:25:55","modified_gmt":"2022-03-26T14:25:55","slug":"odsavani-750w","status":"publish","type":"product","link":"https:\/\/www.oberstark.cz\/?product=odsavani-750w","title":{"rendered":"Ods\u00e1v\u00e1n\u00ed &#8211; 750W"},"content":{"rendered":"","protected":false},"excerpt":{"rendered":"<p>Mo\u017eno dodat s odolnou hadic\u00ed dl. 2m (640,-K\u010d\/ks)<\/p>\n","protected":false},"featured_media":2583,"template":"","meta":[],"product_cat":[],"product_tag":[],"class_list":{"0":"post-2581","1":"product","2":"type-product","3":"status-publish","4":"has-post-thumbnail","7":"first","8":"instock","9":"shipping-taxable","10":"purchasable","11":"product-type-simple"},"_links":{"self":[{"href":"https:\/\/www.oberstark.cz\/index.php?rest_route=\/wp\/v2\/product\/2581","targetHints":{"allow":["GET"]}}],"collection":[{"href":"https:\/\/www.oberstark.cz\/index.php?rest_route=\/wp\/v2\/product"}],"about":[{"href":"https:\/\/www.oberstark.cz\/index.php?rest_route=\/wp\/v2\/types\/product"}],"wp:featuredmedia":[{"embeddable":true,"href":"https:\/\/www.oberstark.cz\/index.php?rest_route=\/wp\/v2\/media\/2583"}],"wp:attachment":[{"href":"https:\/\/www.oberstark.cz\/index.php?rest_route=%2Fwp%2Fv2%2Fmedia&parent=2581"}],"wp:term":[{"taxonomy":"product_cat","embeddable":true,"href":"https:\/\/www.oberstark.cz\/index.php?rest_route=%2Fwp%2Fv2%2Fproduct_cat&post=2581"},{"taxonomy":"product_tag","embeddable":true,"href":"https:\/\/www.oberstark.cz\/index.php?rest_route=%2Fwp%2Fv2%2Fproduct_tag&post=2581"}],"curies":[{"name":"wp","href":"https:\/\/api.w.org\/{rel}","templated":true}]}}